umber?
False
Is 562247993 prime?
False
Is 1271484433 a composite number?
True
Is 2583083 composite?
False
Is 259010393 a composite number?
False
Is 58694131361 composite?
False
Is 299790707 prime?
False
Is 172992374257 a prime number?
False
Is 4496425673 a composite number?
False
Is 242741978279 prime?
True
Is 14096354761 a composite number?
True
Is 358872313 a composite number?
True
Is 1919636569 a composite number?
True
Is 116916848621 prime?
True
Is 17870951801 a prime number?
True
Is 630517171 a composite number?
False
Is 10207606753 prime?
True
Is 28501549591 prime?
True
Is 606022447 a composite number?
False
Is 1202202509 a composite number?
False
Is 3309724181 a composite number?
False
Is 14604447773 prime?
False
Is 121426211 composite?
True
Is 6488227073 prime?
False
Is 158675347 prime?
False
Is 435154513 composite?
True
Is 39595997827 a prime number?
True
Is 29391525857 a composite number?
True
Is 13747195607 a prime number?
True
Is 2874695339 composite?
False
Is 1351173727 a prime number?
False
Is 1030938721 prime?
True
Is 2236247509 a prime number?
False
Is 19683800401 a prime number?
True
Is 12008017041 prime?
False
Is 6130516265 a prime number?
False
Is 127603391039 a composite number?
False
Is 80890642759 composite?
False
Is 36918717863 a prime number?
False
Is 347505905751 a composite number?
True
Is 4521176329 a composite number?
False
Is 4993829053 a prime number?
True
Is 662679781 a prime number?
False
Is 73249252303 a prime number?
False
Is 6271053991 composite?
True
Is 195885493477 composite?
False
Is 289836441067 a composite number?
False
Is 380681831 a composite number?
False
Is 132440560631 prime?
False
Is 385612369 a composite number?
True
Is 55824607 a composite number?
False
Is 59353379753 a prime number?
False
Is 133302655 composite?
True
Is 144452185 a prime number?
False
Is 319193467 prime?
True
Is 1360970297 composite?
True
Is 923228387 composite?
False
Is 125819500673 a prime number?
True
Is 754148701 a composite number?
False
Is 16065412609 prime?
False
Is 2722692403 prime?
True
Is 2356921921 a composite number?
False
Is 247296353 composite?
False
Is 33746397779 a composite number?
False
Is 2773166393 a composite number?
True
Is 1277396309 a prime number?
False
Is 112944803 prime?
False
Is 2582277359 a composite number?
False
Is 377169843857 a composite number?
False
Is 31565755861 a prime number?
True
Is 14689303 prime?
True
Is 15491532839 a prime number?
True
Is 1707787417 a composite number?
True
Is 3682999231 a composite number?
False
Is 144359269 prime?
False
Is 4614974861 a composite number?
True
Is 8923831279 a prime number?
False
Is 4494769 a composite number?
False
Is 12579494419 a composite number?
False
Is 6192763931 a prime number?
True
Is 2013883601 prime?
False
Is 559881229 a composite number?
False
Is 1989970907 prime?
False
Is 10287935569 a composite number?
True
Is 1313308153 prime?
False
Is 161949913 a prime number?
False
Is 2675533087 prime?
True
Is 29136770563 a composite number?
False
Is 2100569938 composite?
True
Is 318211483 a composite number?
False
Is 99774431 prime?
True
Is 76707160457 composite?
False
Is 37843758703 composite?
True
Is 272926307 prime?
True
Is 1159594687 a composite number?
False
Is 1980714569 a composite number?
True
Is 18687321749 composite?
False
Is 75590402411 a composite number?
False
Is 78039823051 composite?
True
Is 8725142047 a prime number?
True
Is 203032129 a composite number?
True
Is 6012742553 a prime number?
True
Is 18661365217 a prime number?
False
Is 11350128079 a prime number?
True
Is 4285431307 prime?
True
Is 217339063 composite?
False
Is 15073539499 prime?
True
Is 585513653 composite?
False
Is 3175371949 a composite number?
False
Is 728903171 composite?
True
Is 40042849337 prime?
True
Is 6471488539 prime?
False
Is 10798864031 composite?
False
Is 806188571 a prime number?
False
Is 2589346777 a prime number?
False
Is 11812789189 prime?
True
Is 41513629081 a composite number?
False
Is 74435531 a composite number?
True
Is 32776716673 a prime number?
False
Is 101603451301 prime?
False
Is 21142467397 a prime number?
False
Is 515943101 prime?
True
Is 7596132001 composite?
True
Is 1453007103 prime?
False
Is 28849514129 composite?
False
Is 18305423 a prime number?
True
Is 7059754643 a composite number?
False
Is 673391779 a prime number?
True
Is 1737497273 prime?
True
Is 502135549 a prime number?
False
Is 22470899209 composite?
True
Is 2084415499 composite?
True
Is 15832007311 composite?
True
Is 17785858141 a prime number?
True
Is 15161373851 a prime number?
False
Is 1531728623 prime?
True
Is 298695193 a composite number?
False
Is 6829754123 composite?
False
Is 15305207077 composite?
False
Is 24159101 composite?
False
Is 4017329663 a composite number?
True
Is 278003918111 a prime number?
True
Is 363851617 a composite number?
True
Is 24378545293 a composite number?
False
Is 680235851 composite?
False
Is 95147806063 composite?
True
Is 1809656141 a composite number?
False
Is 12188750293 a prime number?
True
Is 2204049247 composite?
True
Is 1959637153 composite?
False
Is 72299173 a prime number?
False
Is 2508479983 a prime number?
False
Is 2941525541 composite?
False
Is 1718179231 a composite number?
False
Is 118622929 prime?
True
Is 1549219921 a prime number?
True
Is 154342069265 prime?
False
Is 53246005739 a prime number?
True
Is 9309891623 a prime number?
True
Is 128346748193 prime?
True
Is 711022459 a prime number?
False
Is 6507592783 a prime number?
False
Is 31658490109 a prime number?
True
Is 4611520717 a prime number?
False
Is 20279134847 prime?
False
Is 3229051737 a composite number?
True
Is 1693105301 prime?
False
Is 6993628163 composite?
True
Is 156390551 a composite number?
True
Is 53386143191 composite?
False
Is 166222621577 prime?
True
Is 10073299501 a composite number?
False
Is 82193467193 a composite number?
False
Is 11058459011 a prime number?
False
Is 1020343099 prime?
False
Is 889800841 composite?
False
Is 6226871137 a prime number?
True
Is 7433382811 a prime number?
False
Is 11422538539 a prime number?
False
Is 21890745173 a prime number?
False
Is 17075145119 a prime number?
True
Is 283696717 prime?
False
Is 2989062777 a prime number?
False
Is 975197053 composite?
False
Is 35550841 prime?
True
Is 68911969339 a composite number?
False
Is 9828924593 composite?
True
Is 61676927233 a prime number?
False
Is 9690369245 a prime number?
False
Is 133984933 composite?
False
Is 12411659957 a prime number?
True
Is 70079519 prime?
True
Is 8381044613 a prime number?
True
Is 3839837371 a prime number?
False
Is 41045122463 a composite number?
True
Is 158275387 a composite number?
True
Is 59160018371 composite?
False
Is 15550728565 a prime number?
False
Is 97472041 composite?
False
Is 767324249 a composite number?
True
Is 1097310881 composite?
False
Is 79994810009 a prime number?
True
Is 2131526101 composite?
False
Is 108096631 prime?
True
Is 2286488621 a prime number?
True
Is 75934129343 a prime number?
False
Is 2158965317 a composite number?
True
Is 953521253 prime?
True
Is 1912353049 a prime number?
False
Is 48235661351 prime?
False
Is 1539994826 prime?
False
Is 326364097 a composite number?
False
Is 11396548399 a composite number?
False
Is 812962378 a prime number?
False
Is 1951877579 a prime number?
False
Is 4489199023 a composite number?
False
Is 1384758043 a composite number?
False
Is 9178205129 a composite number?
True
Is 36201073621 a prime number?
False
Is 2254472679 a prime number?
False
Is 15121307563 prime?
False
Is 3762726241 composite?
False
Is 2576473499 prime?
True
Is 5020883113 a composite number?
True
Is 9242898817 prime?
False
Is 998194829 a composite number?
False
Is 7937100803 a prime number?
False
Is 1299129593 a prime number?
False
Is 12832990589 composite?
True
Is 172872941 prime?
True
Is 2137257469 prime?
True
Is 4900485802 prime?
False
Is 6565250597 a prime number?
True
Is 239436319399 a prime number?
True
Is 1083914587 composite?
True
Is 21651093071 a prime number?
False
Is 2095911283 a prime number?
False
Is 750910729 a prime number?
True
Is 79813536581 prime?
True
Is 10828447213 a prime number?
False
Is 3149565641 composite?
False
Is 269769763 a prime number?
True
Is 1489619797 composite?
False
Is 42208051 composite?
False
Is 115